CRAN Package Check Results for Package Dykstra

Last updated on 2023-01-28 10:51:25 CET.

Flavor Version Tinstall Tcheck Ttotal Status Flags
r-devel-linux-x86_64-debian-clang 1.0-0 1.58 21.49 23.07 OK
r-devel-linux-x86_64-debian-gcc 1.0-0 1.56 16.89 18.45 OK
r-devel-linux-x86_64-fedora-clang 1.0-0 30.40 NOTE
r-devel-linux-x86_64-fedora-gcc 1.0-0 29.37 OK
r-devel-windows-x86_64 1.0-0 11.00 50.00 61.00 OK
r-patched-linux-x86_64 1.0-0 1.98 21.44 23.42 OK
r-release-linux-x86_64 1.0-0 2.10 21.18 23.28 OK
r-release-macos-arm64 1.0-0 12.00 OK
r-release-macos-x86_64 1.0-0 19.00 OK
r-release-windows-x86_64 1.0-0 5.00 42.00 47.00 OK
r-oldrel-macos-arm64 1.0-0 18.00 OK
r-oldrel-macos-x86_64 1.0-0 24.00 OK
r-oldrel-windows-ix86+x86_64 1.0-0 5.00 31.00 36.00 OK

Check Details

Version: 1.0-0
Check: Rd cross-references
Result: NOTE
    Undeclared package ‘quadprog’ in Rd xrefs
Flavor: r-devel-linux-x86_64-fedora-clang