Last updated on 2023-02-02 09:59:53 CET.
Flavor | Version | Tinstall | Tcheck | Ttotal | Status | Flags |
---|---|---|---|---|---|---|
r-devel-linux-x86_64-debian-clang | 1.1.7 | 11.71 | 23.32 | 35.03 | WARN | |
r-devel-linux-x86_64-debian-gcc | 1.1.7 | 9.24 | 18.86 | 28.10 | WARN | |
r-devel-linux-x86_64-fedora-clang | 1.1.7 | 51.23 | WARN | |||
r-devel-linux-x86_64-fedora-gcc | 1.1.7 | 43.60 | WARN | |||
r-devel-windows-x86_64 | 1.1.7 | 25.00 | 60.00 | 85.00 | OK | |
r-patched-linux-x86_64 | 1.1.7 | 9.93 | 23.51 | 33.44 | OK | |
r-release-linux-x86_64 | 1.1.7 | 9.30 | 24.01 | 33.31 | OK | |
r-release-macos-arm64 | 1.1.7 | 20.00 | OK | |||
r-release-macos-x86_64 | 1.1.7 | 28.00 | OK | |||
r-release-windows-x86_64 | 1.1.7 | 19.00 | 50.00 | 69.00 | OK | |
r-oldrel-macos-arm64 | 1.1.7 | 29.00 | OK | |||
r-oldrel-macos-x86_64 | 1.1.7 | 36.00 | OK | |||
r-oldrel-windows-ix86+x86_64 | 1.1.7 | 26.00 | 49.00 | 75.00 | OK |
Version: 1.1.7
Check: whether package can be installed
Result: WARN
Found the following significant warnings:
init.c:14:27: warning: a function declaration without a prototype is deprecated in all versions of C [-Wstrict-prototypes]
See ‘/home/hornik/tmp/R.check/r-devel-clang/Work/PKGS/GenSA.Rcheck/00install.out’ for details.
* used C compiler: ‘Debian clang version 15.0.6’
* used C++ compiler: ‘Debian clang version 15.0.6’
Flavor: r-devel-linux-x86_64-debian-clang
Version: 1.1.7
Check: whether package can be installed
Result: WARN
Found the following significant warnings:
init.c:14:1: warning: function declaration isn’t a prototype [-Wstrict-prototypes]
See ‘/home/hornik/tmp/R.check/r-devel-gcc/Work/PKGS/GenSA.Rcheck/00install.out’ for details.
* used C compiler: ‘gcc-12 (Debian 12.2.0-14) 12.2.0’
* used C++ compiler: ‘g++-12 (Debian 12.2.0-14) 12.2.0’
Flavor: r-devel-linux-x86_64-debian-gcc
Version: 1.1.7
Check: whether package can be installed
Result: WARN
Found the following significant warnings:
init.c:14:27: warning: a function declaration without a prototype is deprecated in all versions of C [-Wstrict-prototypes]
See ‘/data/gannet/ripley/R/packages/tests-clang/GenSA.Rcheck/00install.out’ for details.
* used C compiler: ‘clang version 15.0.7’
* used C++ compiler: ‘clang version 15.0.7’
Flavor: r-devel-linux-x86_64-fedora-clang
Version: 1.1.7
Check: whether package can be installed
Result: WARN
Found the following significant warnings:
init.c:14:1: warning: function declaration isn’t a prototype [-Wstrict-prototypes]
See ‘/data/gannet/ripley/R/packages/tests-devel/GenSA.Rcheck/00install.out’ for details.
* used C compiler: ‘gcc (GCC) 12.2.1 20221121 (Red Hat 12.2.1-4)’
* used C++ compiler: ‘g++ (GCC) 12.2.1 20221121 (Red Hat 12.2.1-4)’
Flavor: r-devel-linux-x86_64-fedora-gcc