CRAN Package Check Results for Package LowRankQP

Last updated on 2023-02-02 09:59:56 CET.

Flavor Version Tinstall Tcheck Ttotal Status Flags
r-devel-linux-x86_64-debian-clang 1.0.5 2.98 20.62 23.60 WARN
r-devel-linux-x86_64-debian-gcc 1.0.5 2.40 16.35 18.75 WARN
r-devel-linux-x86_64-fedora-clang 1.0.5 31.05 WARN
r-devel-linux-x86_64-fedora-gcc 1.0.5 35.22 WARN
r-devel-windows-x86_64 1.0.5 14.00 58.00 72.00 OK
r-patched-linux-x86_64 1.0.5 2.27 20.77 23.04 OK
r-release-linux-x86_64 1.0.5 3.06 20.48 23.54 OK
r-release-macos-arm64 1.0.5 15.00 OK
r-release-macos-x86_64 1.0.5 24.00 OK
r-release-windows-x86_64 1.0.5 16.00 43.00 59.00 OK
r-oldrel-macos-arm64 1.0.5 16.00 OK
r-oldrel-macos-x86_64 1.0.5 23.00 OK
r-oldrel-windows-ix86+x86_64 1.0.5 12.00 43.00 55.00 OK

Check Details

Version: 1.0.5
Check: whether package can be installed
Result: WARN
    Found the following significant warnings:
     LowRankQP.c:278:16: warning: a function declaration without a prototype is deprecated in all versions of C [-Wstrict-prototypes]
     LowRankQP_init.c:29:23: warning: a function declaration without a prototype is deprecated in all versions of C [-Wstrict-prototypes]
    See ‘/home/hornik/tmp/R.check/r-devel-clang/Work/PKGS/LowRankQP.Rcheck/00install.out’ for details.
    * used C compiler: ‘Debian clang version 15.0.6’
Flavor: r-devel-linux-x86_64-debian-clang

Version: 1.0.5
Check: whether package can be installed
Result: WARN
    Found the following significant warnings:
     LowRankQP.c:278:6: warning: function declaration isn’t a prototype [-Wstrict-prototypes]
     LowRankQP_init.c:29:1: warning: function declaration isn’t a prototype [-Wstrict-prototypes]
    See ‘/home/hornik/tmp/R.check/r-devel-gcc/Work/PKGS/LowRankQP.Rcheck/00install.out’ for details.
    * used C compiler: ‘gcc-12 (Debian 12.2.0-14) 12.2.0’
Flavor: r-devel-linux-x86_64-debian-gcc

Version: 1.0.5
Check: whether package can be installed
Result: WARN
    Found the following significant warnings:
     LowRankQP.c:278:16: warning: a function declaration without a prototype is deprecated in all versions of C [-Wstrict-prototypes]
     LowRankQP_init.c:29:23: warning: a function declaration without a prototype is deprecated in all versions of C [-Wstrict-prototypes]
    See ‘/data/gannet/ripley/R/packages/tests-clang/LowRankQP.Rcheck/00install.out’ for details.
    * used C compiler: ‘clang version 15.0.7’
Flavor: r-devel-linux-x86_64-fedora-clang

Version: 1.0.5
Check: whether package can be installed
Result: WARN
    Found the following significant warnings:
     LowRankQP.c:278:6: warning: function declaration isn’t a prototype [-Wstrict-prototypes]
     LowRankQP_init.c:29:1: warning: function declaration isn’t a prototype [-Wstrict-prototypes]
    See ‘/data/gannet/ripley/R/packages/tests-devel/LowRankQP.Rcheck/00install.out’ for details.
    * used C compiler: ‘gcc (GCC) 12.2.1 20221121 (Red Hat 12.2.1-4)’
Flavor: r-devel-linux-x86_64-fedora-gcc