Last updated on 2023-02-02 10:00:04 CET.
Flavor | Version | Tinstall | Tcheck | Ttotal | Status | Flags |
---|---|---|---|---|---|---|
r-devel-linux-x86_64-debian-clang | 1.3.5 | 1.38 | 21.97 | 23.35 | NOTE | |
r-devel-linux-x86_64-debian-gcc | 1.3.5 | 1.66 | 17.78 | 19.44 | NOTE | |
r-devel-linux-x86_64-fedora-clang | 1.3.5 | 32.44 | OK | |||
r-devel-linux-x86_64-fedora-gcc | 1.3.5 | 31.77 | OK | |||
r-patched-linux-x86_64 | 1.3.5 | 2.21 | 22.74 | 24.95 | NOTE | |
r-release-linux-x86_64 | 1.3.5 | 1.72 | 23.12 | 24.84 | NOTE | |
r-release-macos-arm64 | 1.3.5 | 16.00 | OK | |||
r-release-macos-x86_64 | 1.3.5 | 20.00 | OK | |||
r-release-windows-x86_64 | 1.3.5 | 15.00 | 58.00 | 73.00 | OK | |
r-oldrel-macos-arm64 | 1.3.5 | 24.00 | OK | |||
r-oldrel-macos-x86_64 | 1.3.5 | 25.00 | OK | |||
r-oldrel-windows-ix86+x86_64 | 1.3.5 | 6.00 | 47.00 | 53.00 | OK |
Version: 1.3.5
Check: R code for possible problems
Result: NOTE
Found the following calls to attach():
File ‘Rmosek/R/builder.R’:
attach(builderenv, pos, name, warn.conflicts)
See section ‘Good practice’ in ‘?attach’.
Flavors: r-devel-linux-x86_64-debian-clang, r-devel-linux-x86_64-debian-gcc, r-patched-linux-x86_64, r-release-linux-x86_64