Last updated on 2023-02-02 10:00:05 CET.
Flavor | Version | Tinstall | Tcheck | Ttotal | Status | Flags |
---|---|---|---|---|---|---|
r-devel-linux-x86_64-debian-clang | 0.1-33 | 4.15 | 24.08 | 28.23 | OK | |
r-devel-linux-x86_64-debian-gcc | 0.1-33 | 3.17 | 18.50 | 21.67 | OK | |
r-devel-linux-x86_64-fedora-clang | 0.1-33 | 38.05 | NOTE | |||
r-devel-linux-x86_64-fedora-gcc | 0.1-33 | 35.54 | OK | |||
r-devel-windows-x86_64 | 0.1-33 | 23.00 | 101.00 | 124.00 | OK | |
r-patched-linux-x86_64 | 0.1-33 | 2.90 | 22.97 | 25.87 | OK | |
r-release-linux-x86_64 | 0.1-33 | 2.69 | 23.43 | 26.12 | OK | |
r-release-macos-arm64 | 0.1-33 | 17.00 | OK | |||
r-release-macos-x86_64 | 0.1-33 | 24.00 | OK | |||
r-release-windows-x86_64 | 0.1-33 | 11.00 | 82.00 | 93.00 | OK | |
r-oldrel-macos-arm64 | 0.1-33 | 19.00 | OK | |||
r-oldrel-macos-x86_64 | 0.1-33 | 28.00 | OK | |||
r-oldrel-windows-ix86+x86_64 | 0.1-33 | 13.00 | 71.00 | 84.00 | NOTE |
Version: 0.1-33
Check: Rd cross-references
Result: NOTE
Undeclared packages ‘lpSolve’, ‘Rglpk’ in Rd xrefs
Flavor: r-devel-linux-x86_64-fedora-clang
Version: 0.1-33
Check: installed package size
Result: NOTE
installed size is 9.3Mb
sub-directories of 1Mb or more:
libs 9.2Mb
Flavor: r-oldrel-windows-ix86+x86_64