CRAN Package Check Results for Package SACOBRA

Last updated on 2023-02-02 10:00:05 CET.

Flavor Version Tinstall Tcheck Ttotal Status Flags
r-devel-linux-x86_64-debian-clang 1.2 10.83 92.52 103.35 OK
r-devel-linux-x86_64-debian-gcc 1.2 9.28 68.33 77.61 OK
r-devel-linux-x86_64-fedora-clang 1.2 127.54 NOTE
r-devel-linux-x86_64-fedora-gcc 1.2 124.20 NOTE
r-devel-windows-x86_64 1.2 48.00 147.00 195.00 OK
r-patched-linux-x86_64 1.2 11.92 81.47 93.39 OK
r-release-linux-x86_64 1.2 7.58 84.08 91.66 OK
r-release-macos-arm64 1.2 46.00 NOTE
r-release-macos-x86_64 1.2 43.00 NOTE
r-release-windows-x86_64 1.2 35.00 116.00 151.00 OK
r-oldrel-macos-arm64 1.2 41.00 NOTE
r-oldrel-macos-x86_64 1.2 62.00 NOTE
r-oldrel-windows-ix86+x86_64 1.2 18.00 107.00 125.00 OK

Check Details

Version: 1.2
Check: dependencies in R code
Result: NOTE
    Namespaces in Imports field not imported from:
     ‘R6’ ‘mgcv’
     All declared Imports should be used.
Flavors: r-devel-linux-x86_64-fedora-clang, r-devel-linux-x86_64-fedora-gcc, r-release-macos-arm64, r-release-macos-x86_64, r-oldrel-macos-arm64, r-oldrel-macos-x86_64