Last updated on 2023-05-27 10:54:55 CEST.
Flavor | Version | Tinstall | Tcheck | Ttotal | Status | Flags |
---|---|---|---|---|---|---|
r-devel-linux-x86_64-debian-clang | 1.1.7 | 252.88 | 316.00 | 568.88 | OK | |
r-devel-linux-x86_64-debian-gcc | 1.1.7 | 215.75 | 244.05 | 459.80 | OK | |
r-devel-linux-x86_64-fedora-clang | 1.1.7 | 764.60 | NOTE | |||
r-devel-linux-x86_64-fedora-gcc | 1.1.7 | 833.40 | OK | |||
r-devel-windows-x86_64 | 1.1.7 | 219.00 | 274.00 | 493.00 | NOTE | --no-vignettes |
r-patched-linux-x86_64 | 1.1.7 | 216.12 | 306.89 | 523.01 | OK | |
r-release-linux-x86_64 | 1.1.7 | 215.89 | 315.79 | 531.68 | OK | |
r-release-macos-arm64 | 1.1.7 | 223.00 | NOTE | |||
r-release-macos-x86_64 | 1.1.7 | 382.00 | NOTE | |||
r-release-windows-x86_64 | 1.1.7 | 281.00 | 323.00 | 604.00 | NOTE | --no-vignettes |
r-oldrel-macos-arm64 | 1.1.7 | 212.00 | NOTE | |||
r-oldrel-macos-x86_64 | 1.1.7 | 252.00 | NOTE | |||
r-oldrel-windows-x86_64 | 1.1.7 | 264.00 | 329.00 | 593.00 | NOTE | --no-vignettes |
Version: 1.1.7
Check: installed package size
Result: NOTE
installed size is 11.4Mb
sub-directories of 1Mb or more:
doc 1.3Mb
libs 6.2Mb
test_data 2.2Mb
vignette_data 1.1Mb
Flavors: r-devel-linux-x86_64-fedora-clang, r-release-macos-arm64, r-release-macos-x86_64, r-oldrel-macos-arm64, r-oldrel-macos-x86_64
Version: 1.1.7
Flags: --no-vignettes
Check: installed package size
Result: NOTE
installed size is 9.4Mb
sub-directories of 1Mb or more:
doc 1.3Mb
libs 4.3Mb
test_data 2.2Mb
vignette_data 1.1Mb
Flavors: r-devel-windows-x86_64, r-release-windows-x86_64, r-oldrel-windows-x86_64