CRAN Package Check Results for Package irace

Last updated on 2023-02-02 09:59:55 CET.

Flavor Version Tinstall Tcheck Ttotal Status Flags
r-devel-linux-x86_64-debian-clang 3.5 9.62 107.39 117.01 OK
r-devel-linux-x86_64-debian-gcc 3.5 7.95 79.57 87.52 OK
r-devel-linux-x86_64-fedora-clang 3.5 142.88 OK
r-devel-linux-x86_64-fedora-gcc 3.5 150.97 OK
r-devel-windows-x86_64 3.5 76.00 217.00 293.00 OK
r-patched-linux-x86_64 3.5 9.24 99.92 109.16 OK
r-release-linux-x86_64 3.5 8.77 91.78 100.55 OK
r-release-macos-arm64 3.5 48.00 NOTE
r-release-macos-x86_64 3.5 56.00 NOTE
r-release-windows-x86_64 3.5 93.00 214.00 307.00 OK
r-oldrel-macos-arm64 3.5 48.00 NOTE
r-oldrel-macos-x86_64 3.5 61.00 NOTE
r-oldrel-windows-ix86+x86_64 3.5 20.00 135.00 155.00 WARN

Check Details

Version: 3.5
Check: package dependencies
Result: NOTE
    Package suggested but not available for checking: ‘Rmpi’
Flavors: r-release-macos-arm64, r-release-macos-x86_64, r-oldrel-macos-arm64, r-oldrel-macos-x86_64

Version: 3.5
Check: re-building of vignette outputs
Result: WARN
    Error(s) in re-building vignettes:
    --- re-building 'irace-package.Rnw' using knitr
    Warning in system(paste(shQuote(texi2dvi), if (quiet) "--quiet" else "", :
     running command '"D:\compiler\texmf\miktex\bin\texify.exe" --quiet --pdf "irace-package.tex" --max-iterations=20 -I "D:/RCompile/recent/R-4.1.3/share/texmf/tex/latex" -I "D:/RCompile/recent/R-4.1.3/share/texmf/bibtex/bst"' had status 1
    Error: processing vignette 'irace-package.Rnw' failed with diagnostics:
    running 'texi2dvi' on 'irace-package.tex' failed
    
    LaTeX errors:
    age.tex:1021: Package enumitem Error: left undefined.
    
    See the enumitem package documentation for explanation.
    Type H <return> for immediate help
    Try typing <return> to proceed.
    
    --- failed re-building 'irace-package.Rnw'
    
    SUMMARY: processing the following file failed:
     'irace-package.Rnw'
    
    Error: Vignette re-building failed.
    Execution halted
Flavor: r-oldrel-windows-ix86+x86_64