CRAN Package Check Results for Package kofnGA

Last updated on 2023-01-28 10:51:32 CET.

Flavor Version Tinstall Tcheck Ttotal Status Flags
r-devel-linux-x86_64-debian-clang 1.3 3.64 34.44 38.08 NOTE
r-devel-linux-x86_64-debian-gcc 1.3 2.57 26.99 29.56 NOTE
r-devel-linux-x86_64-fedora-clang 1.3 47.03 NOTE
r-devel-linux-x86_64-fedora-gcc 1.3 47.31 NOTE
r-devel-windows-x86_64 1.3 12.00 59.00 71.00 NOTE
r-patched-linux-x86_64 1.3 3.23 34.35 37.58 NOTE
r-release-linux-x86_64 1.3 3.42 34.45 37.87 NOTE
r-release-macos-arm64 1.3 20.00 NOTE
r-release-macos-x86_64 1.3 26.00 NOTE
r-release-windows-x86_64 1.3 13.00 62.00 75.00 NOTE
r-oldrel-macos-arm64 1.3 25.00 NOTE
r-oldrel-macos-x86_64 1.3 33.00 NOTE
r-oldrel-windows-ix86+x86_64 1.3 8.00 59.00 67.00 NOTE

Check Details

Version: 1.3
Check: LazyData
Result: NOTE
     'LazyData' is specified without a 'data' directory
Flavors: r-devel-linux-x86_64-debian-clang, r-devel-linux-x86_64-debian-gcc, r-devel-linux-x86_64-fedora-clang, r-devel-linux-x86_64-fedora-gcc, r-devel-windows-x86_64, r-patched-linux-x86_64, r-release-linux-x86_64, r-release-macos-arm64, r-release-macos-x86_64, r-release-windows-x86_64, r-oldrel-macos-arm64, r-oldrel-macos-x86_64, r-oldrel-windows-ix86+x86_64