Last updated on 2023-06-10 10:51:10 CEST.
Flavor | Version | Tinstall | Tcheck | Ttotal | Status | Flags |
---|---|---|---|---|---|---|
r-devel-linux-x86_64-debian-clang | 0.6-30 | 7.47 | 96.58 | 104.05 | OK | |
r-devel-linux-x86_64-debian-gcc | 0.6-30 | 7.35 | 74.31 | 81.66 | OK | |
r-devel-linux-x86_64-fedora-clang | 0.6-30 | 130.50 | NOTE | |||
r-devel-linux-x86_64-fedora-gcc | 0.6-30 | 128.33 | OK | |||
r-devel-windows-x86_64 | 0.6-30 | 10.00 | 101.00 | 111.00 | OK | |
r-patched-linux-x86_64 | 0.6-30 | 11.03 | 91.86 | 102.89 | OK | |
r-release-linux-x86_64 | 0.6-30 | 8.73 | 93.96 | 102.69 | OK | |
r-release-macos-arm64 | 0.6-30 | 39.00 | OK | |||
r-release-macos-x86_64 | 0.6-30 | 67.00 | OK | |||
r-release-windows-x86_64 | 0.6-30 | 11.00 | 122.00 | 133.00 | OK | |
r-oldrel-macos-arm64 | 0.6-30 | 40.00 | OK | |||
r-oldrel-macos-x86_64 | 0.6-30 | 54.00 | OK | |||
r-oldrel-windows-x86_64 | 0.6-30 | 12.00 | 120.00 | 132.00 | OK |
Version: 0.6-30
Check: Rd cross-references
Result: NOTE
Undeclared package ‘ggplot2’ in Rd xrefs
Flavor: r-devel-linux-x86_64-fedora-clang