CRAN Package Check Results for Package linprog

Last updated on 2023-02-02 09:59:56 CET.

Flavor Version Tinstall Tcheck Ttotal Status Flags
r-devel-linux-x86_64-debian-clang 0.9-4 3.53 27.72 31.25 NOTE
r-devel-linux-x86_64-debian-gcc 0.9-4 2.19 21.75 23.94 NOTE
r-devel-linux-x86_64-fedora-clang 0.9-4 41.78 NOTE
r-devel-linux-x86_64-fedora-gcc 0.9-4 39.88 NOTE
r-devel-windows-x86_64 0.9-4 19.00 75.00 94.00 NOTE
r-patched-linux-x86_64 0.9-4 2.48 27.30 29.78 OK
r-release-linux-x86_64 0.9-4 2.88 27.36 30.24 OK
r-release-macos-arm64 0.9-4 16.00 OK
r-release-macos-x86_64 0.9-4 23.00 OK
r-release-windows-x86_64 0.9-4 11.00 55.00 66.00 OK
r-oldrel-macos-arm64 0.9-4 23.00 OK
r-oldrel-macos-x86_64 0.9-4 24.00 OK
r-oldrel-windows-ix86+x86_64 0.9-4 7.00 54.00 61.00 OK

Check Details

Version: 0.9-4
Check: Rd files
Result: NOTE
    checkRd: (-1) solveLP.Rd:119: Escaped LaTeX specials: \&
Flavors: r-devel-linux-x86_64-debian-clang, r-devel-linux-x86_64-debian-gcc, r-devel-linux-x86_64-fedora-clang, r-devel-linux-x86_64-fedora-gcc, r-devel-windows-x86_64