CRAN Package Check Results for Package metaheuristicOpt

Last updated on 2023-02-02 09:59:57 CET.

Flavor Version Tinstall Tcheck Ttotal Status Flags
r-devel-linux-x86_64-debian-clang 2.0.0 5.39 68.29 73.68 NOTE
r-devel-linux-x86_64-debian-gcc 2.0.0 3.68 47.44 51.12 NOTE
r-devel-linux-x86_64-fedora-clang 2.0.0 87.44 NOTE
r-devel-linux-x86_64-fedora-gcc 2.0.0 87.58 NOTE
r-devel-windows-x86_64 2.0.0 127.00 92.00 219.00 NOTE
r-patched-linux-x86_64 2.0.0 5.69 60.86 66.55 NOTE
r-release-linux-x86_64 2.0.0 5.72 63.01 68.73 NOTE
r-release-macos-arm64 2.0.0 23.00 NOTE
r-release-macos-x86_64 2.0.0 33.00 NOTE
r-release-windows-x86_64 2.0.0 14.00 78.00 92.00 NOTE
r-oldrel-macos-arm64 2.0.0 29.00 NOTE
r-oldrel-macos-x86_64 2.0.0 48.00 NOTE
r-oldrel-windows-ix86+x86_64 2.0.0 11.00 55.00 66.00 NOTE

Check Details

Version: 2.0.0
Check: LazyData
Result: NOTE
     'LazyData' is specified without a 'data' directory
Flavors: r-devel-linux-x86_64-debian-clang, r-devel-linux-x86_64-debian-gcc, r-devel-linux-x86_64-fedora-clang, r-devel-linux-x86_64-fedora-gcc, r-devel-windows-x86_64, r-patched-linux-x86_64, r-release-linux-x86_64, r-release-macos-arm64, r-release-macos-x86_64, r-release-windows-x86_64, r-oldrel-macos-arm64, r-oldrel-macos-x86_64, r-oldrel-windows-ix86+x86_64