CRAN Package Check Results for Package quadprogXT

Last updated on 2023-01-28 10:51:38 CET.

Flavor Version Tinstall Tcheck Ttotal Status Flags
r-devel-linux-x86_64-debian-clang 0.0.5 1.78 21.92 23.70 NOTE
r-devel-linux-x86_64-debian-gcc 0.0.5 1.56 17.13 18.69 NOTE
r-devel-linux-x86_64-fedora-clang 0.0.5 30.80 NOTE
r-devel-linux-x86_64-fedora-gcc 0.0.5 29.67 NOTE
r-patched-linux-x86_64 0.0.5 2.11 21.45 23.56 NOTE
r-release-linux-x86_64 0.0.5 1.85 21.67 23.52 NOTE
r-release-macos-arm64 0.0.5 17.00 NOTE
r-release-macos-x86_64 0.0.5 21.00 NOTE
r-release-windows-x86_64 0.0.5 5.00 48.00 53.00 NOTE
r-oldrel-macos-arm64 0.0.5 17.00 NOTE
r-oldrel-macos-x86_64 0.0.5 24.00 NOTE
r-oldrel-windows-ix86+x86_64 0.0.5 5.00 28.00 33.00 NOTE

Check Details

Version: 0.0.5
Check: LazyData
Result: NOTE
     'LazyData' is specified without a 'data' directory
Flavors: r-devel-linux-x86_64-debian-clang, r-devel-linux-x86_64-debian-gcc, r-devel-linux-x86_64-fedora-clang, r-devel-linux-x86_64-fedora-gcc, r-patched-linux-x86_64, r-release-linux-x86_64, r-release-macos-arm64, r-release-macos-x86_64, r-release-windows-x86_64, r-oldrel-macos-arm64, r-oldrel-macos-x86_64, r-oldrel-windows-ix86+x86_64