CRAN Package Check Results for Package rCMA

Last updated on 2023-01-28 10:51:38 CET.

Flavor Version Tinstall Tcheck Ttotal Status Flags
r-devel-linux-x86_64-debian-clang 1.1.1 2.32 30.31 32.63 NOTE
r-devel-linux-x86_64-debian-gcc 1.1.1 1.91 23.68 25.59 NOTE
r-devel-linux-x86_64-fedora-clang 1.1.1 40.92 NOTE
r-devel-linux-x86_64-fedora-gcc 1.1.1 39.78 NOTE
r-patched-linux-x86_64 1.1.1 1.86 29.32 31.18 NOTE
r-release-linux-x86_64 1.1.1 1.60 29.24 30.84 NOTE
r-release-macos-arm64 1.1.1 17.00 OK
r-release-macos-x86_64 1.1.1 23.00 OK
r-release-windows-x86_64 1.1.1 22.00 56.00 78.00 OK
r-oldrel-macos-arm64 1.1.1 15.00 OK
r-oldrel-macos-x86_64 1.1.1 22.00 OK
r-oldrel-windows-ix86+x86_64 1.1.1 5.00 51.00 56.00 OK

Check Details

Version: 1.1.1
Check: for non-standard things in the check directory
Result: NOTE
    Found the following files/directories:
     ‘outcmaesdisp.dat’
Flavors: r-devel-linux-x86_64-debian-clang, r-devel-linux-x86_64-debian-gcc, r-devel-linux-x86_64-fedora-clang, r-devel-linux-x86_64-fedora-gcc, r-patched-linux-x86_64, r-release-linux-x86_64