Last updated on 2023-02-02 10:00:05 CET.
Flavor | Version | Tinstall | Tcheck | Ttotal | Status | Flags |
---|---|---|---|---|---|---|
r-devel-linux-x86_64-debian-clang | 3.0-1 | 10.56 | 23.56 | 34.12 | WARN | |
r-devel-linux-x86_64-debian-gcc | 3.0-1 | 12.04 | 18.59 | 30.63 | NOTE | |
r-devel-linux-x86_64-fedora-clang | 3.0-1 | 44.83 | WARN | |||
r-devel-linux-x86_64-fedora-gcc | 3.0-1 | 49.19 | NOTE | |||
r-patched-linux-x86_64 | 3.0-1 | 11.81 | 23.90 | 35.71 | NOTE | |
r-release-linux-x86_64 | 3.0-1 | 11.81 | 23.70 | 35.51 | NOTE | |
r-release-macos-arm64 | 3.0-1 | 21.00 | NOTE | |||
r-release-macos-x86_64 | 3.0-1 | 29.00 | NOTE | |||
r-release-windows-x86_64 | 3.0-1 | 56.00 | 59.00 | 115.00 | NOTE | |
r-oldrel-macos-arm64 | 3.0-1 | 31.00 | NOTE | |||
r-oldrel-macos-x86_64 | 3.0-1 | 31.00 | NOTE | |||
r-oldrel-windows-ix86+x86_64 | 3.0-1 | 63.00 | 60.00 | 123.00 | NOTE |
Version: 3.0-1
Check: whether package can be installed
Result: WARN
Found the following significant warnings:
linsys/cpu/direct/private.c:4:36: warning: a function declaration without a prototype is deprecated in all versions of C [-Wstrict-prototypes]
See ‘/home/hornik/tmp/R.check/r-devel-clang/Work/PKGS/scs.Rcheck/00install.out’ for details.
* used C compiler: ‘Debian clang version 15.0.6’
Flavor: r-devel-linux-x86_64-debian-clang
Version: 3.0-1
Check: for GNU extensions in Makefiles
Result: NOTE
GNU make is a SystemRequirements.
Flavors: r-devel-linux-x86_64-debian-clang, r-devel-linux-x86_64-debian-gcc, r-devel-linux-x86_64-fedora-clang, r-devel-linux-x86_64-fedora-gcc, r-patched-linux-x86_64, r-release-linux-x86_64, r-release-macos-arm64, r-release-macos-x86_64, r-release-windows-x86_64, r-oldrel-macos-arm64, r-oldrel-macos-x86_64, r-oldrel-windows-ix86+x86_64
Version: 3.0-1
Check: whether package can be installed
Result: WARN
Found the following significant warnings:
linsys/cpu/direct/private.c:4:36: warning: a function declaration without a prototype is deprecated in all versions of C [-Wstrict-prototypes]
See ‘/data/gannet/ripley/R/packages/tests-clang/scs.Rcheck/00install.out’ for details.
* used C compiler: ‘clang version 15.0.7’
Flavor: r-devel-linux-x86_64-fedora-clang