CRAN Package Check Results for Package CHNOSZ

Last updated on 2025-06-18 22:50:25 CEST.

Flavor Version Tinstall Tcheck Ttotal Status Flags
r-devel-linux-x86_64-debian-clang 2.1.0 22.10 312.87 334.97 OK
r-devel-linux-x86_64-debian-gcc 2.1.0 13.36 208.21 221.57 OK
r-devel-linux-x86_64-fedora-clang 2.1.0 522.84 OK
r-devel-linux-x86_64-fedora-gcc 2.1.0 506.65 OK
r-devel-windows-x86_64 2.1.0 24.00 469.00 493.00 OK
r-patched-linux-x86_64 2.1.0 18.97 293.59 312.56 OK
r-release-linux-x86_64 2.1.0 16.23 293.16 309.39 OK
r-release-macos-arm64 2.1.0 158.00 OK
r-release-macos-x86_64 2.1.0 408.00 OK
r-release-windows-x86_64 2.1.0 24.00 470.00 494.00 OK
r-oldrel-macos-arm64 2.1.0 171.00 OK
r-oldrel-macos-x86_64 2.1.0 289.00 NOTE
r-oldrel-windows-x86_64 2.1.0 25.00 565.00 590.00 OK

Check Details

Version: 2.1.0
Check: installed package size
Result: NOTE installed size is 5.0Mb sub-directories of 1Mb or more: doc 2.1Mb Flavor: r-oldrel-macos-x86_64