CRAN Package Check Results for Package IRTShiny

Last updated on 2025-01-20 03:48:39 CET.

Flavor Version Tinstall Tcheck Ttotal Status Flags
r-devel-linux-x86_64-debian-clang 1.2 9.30 71.59 80.89 OK
r-devel-linux-x86_64-debian-gcc 1.2 7.24 52.04 59.28 OK
r-devel-linux-x86_64-fedora-clang 1.2 128.21 OK
r-devel-linux-x86_64-fedora-gcc 1.2 119.55 OK
r-devel-windows-x86_64 1.2 11.00 80.00 91.00 OK
r-patched-linux-x86_64 1.2 7.94 67.04 74.98 NOTE
r-release-linux-x86_64 1.2 8.57 66.87 75.44 NOTE
r-release-macos-arm64 1.2 33.00 NOTE
r-release-macos-x86_64 1.2 50.00 NOTE
r-release-windows-x86_64 1.2 10.00 80.00 90.00 NOTE
r-oldrel-macos-arm64 1.2 36.00 NOTE
r-oldrel-macos-x86_64 1.2 63.00 NOTE
r-oldrel-windows-x86_64 1.2 13.00 91.00 104.00 NOTE

Check Details

Version: 1.2
Check: LazyData
Result: NOTE 'LazyData' is specified without a 'data' directory Flavors: r-patched-linux-x86_64, r-release-linux-x86_64, r-release-macos-arm64, r-release-macos-x86_64, r-release-windows-x86_64, r-oldrel-macos-arm64, r-oldrel-macos-x86_64, r-oldrel-windows-x86_64