CRAN Package Check Results for Package RcppUUID

Last updated on 2024-07-18 22:50:03 CEST.

Flavor Version Tinstall Tcheck Ttotal Status Flags
r-devel-linux-x86_64-debian-clang 1.1.1 28.07 29.05 57.12 NOTE
r-devel-linux-x86_64-debian-gcc 1.1.1 19.94 22.02 41.96 NOTE
r-devel-linux-x86_64-fedora-clang 1.1.1 85.66 NOTE
r-devel-linux-x86_64-fedora-gcc 1.1.1 84.28 NOTE
r-devel-windows-x86_64 1.1.1 24.00 67.00 91.00 NOTE
r-patched-linux-x86_64 1.1.1 23.61 27.55 51.16 NOTE
r-release-linux-x86_64 1.1.1 27.19 27.53 54.72 NOTE
r-release-macos-arm64 1.1.1 24.00 NOTE
r-release-macos-x86_64 1.1.1 29.00 NOTE
r-release-windows-x86_64 1.1.1 24.00 65.00 89.00 NOTE
r-oldrel-macos-arm64 1.1.1 26.00 NOTE
r-oldrel-macos-x86_64 1.1.1 38.00 NOTE
r-oldrel-windows-x86_64 1.1.1 24.00 71.00 95.00 NOTE

Check Details

Version: 1.1.1
Check: C++ specification
Result: NOTE Specified C++11: please drop specification unless essential Flavors: r-devel-linux-x86_64-debian-clang, r-devel-linux-x86_64-debian-gcc, r-devel-linux-x86_64-fedora-clang, r-devel-linux-x86_64-fedora-gcc, r-devel-windows-x86_64, r-patched-linux-x86_64, r-release-linux-x86_64, r-release-macos-arm64, r-release-macos-x86_64, r-release-windows-x86_64, r-oldrel-macos-arm64, r-oldrel-macos-x86_64, r-oldrel-windows-x86_64