Last updated on 2025-01-20 03:48:46 CET.
Flavor | Version | Tinstall | Tcheck | Ttotal | Status | Flags |
---|---|---|---|---|---|---|
r-devel-linux-x86_64-debian-clang | 2.0.7 | 69.47 | 112.76 | 182.23 | OK | |
r-devel-linux-x86_64-debian-gcc | 2.0.7 | 55.72 | 81.19 | 136.91 | OK | |
r-devel-linux-x86_64-fedora-clang | 2.0.7 | 346.28 | OK | |||
r-devel-linux-x86_64-fedora-gcc | 2.0.7 | 343.36 | OK | |||
r-devel-windows-x86_64 | 2.0.7 | 75.00 | 136.00 | 211.00 | OK | |
r-patched-linux-x86_64 | 2.0.7 | 71.36 | 102.36 | 173.72 | OK | |
r-release-linux-x86_64 | 2.0.7 | 73.41 | 101.76 | 175.17 | OK | |
r-release-macos-arm64 | 2.0.7 | 60.00 | NOTE | |||
r-release-macos-x86_64 | 2.0.7 | 141.00 | NOTE | |||
r-release-windows-x86_64 | 2.0.7 | 73.00 | 139.00 | 212.00 | OK | |
r-oldrel-macos-arm64 | 2.0.7 | 153.00 | NOTE | |||
r-oldrel-macos-x86_64 | 2.0.7 | 164.00 | NOTE | |||
r-oldrel-windows-x86_64 | 2.0.7 | 96.00 | 167.00 | 263.00 | OK |
Version: 2.0.7
Check: installed package size
Result: NOTE
installed size is 6.1Mb
sub-directories of 1Mb or more:
libs 5.5Mb
Flavors: r-release-macos-arm64, r-release-macos-x86_64, r-oldrel-macos-arm64, r-oldrel-macos-x86_64